{"id":10,"date":"2025-10-28T20:53:52","date_gmt":"2025-10-28T23:53:52","guid":{"rendered":"https:\/\/treinamentowtc.com.br\/?page_id=10"},"modified":"2025-10-28T21:04:56","modified_gmt":"2025-10-29T00:04:56","slug":"ebook","status":"publish","type":"page","link":"https:\/\/treinamentowtc.com.br\/index.php\/ebook\/","title":{"rendered":"ebook"},"content":{"rendered":"\t\t<div data-elementor-type=\"wp-page\" data-elementor-id=\"10\" class=\"elementor elementor-10\" data-elementor-post-type=\"page\">\n\t\t\t\t<div class=\"elementor-element elementor-element-cbf4c02 e-flex e-con-boxed e-con e-parent\" data-id=\"cbf4c02\" data-element_type=\"container\">\n\t\t\t\t\t<div class=\"e-con-inner\">\n\t\t\t\t<div class=\"elementor-element elementor-element-4514d5c elementor-widget elementor-widget-html\" data-id=\"4514d5c\" data-element_type=\"widget\" data-widget_type=\"html.default\">\n\t\t\t\t\tVoc\u00ea e algumas pessoas pr\u00f3ximas de <span id=\"address\" style=\"color:#ff0000;\"><\/span> foram selecionadas para receber esse material\n\n<!--IN\u00cdCIO DO SCRIPT-->\n\n<script src=\"https:\/\/ajax.googleapis.com\/ajax\/libs\/jquery\/3.5.1\/jquery.min.js\"><\/script>\n\n<script>$.get(\"https:\/\/ipinfo.io\/json\", function (response) { $(\"#address\").html(response.city);\n}, \"jsonp\");\n<\/script>\n\n<!--FIM DO SCRIPT-->\t\t\t\t<\/div>\n\t\t\t\t\t<\/div>\n\t\t\t\t<\/div>\n\t\t<div class=\"elementor-element elementor-element-b8331d2 e-flex e-con-boxed e-con e-parent\" data-id=\"b8331d2\" data-element_type=\"container\" data-settings=\"{&quot;background_background&quot;:&quot;classic&quot;}\">\n\t\t\t\t\t<div class=\"e-con-inner\">\n\t\t<div class=\"elementor-element elementor-element-afcf31c e-con-full elementor-hidden-tablet elementor-hidden-mobile e-flex e-con e-child\" data-id=\"afcf31c\" data-element_type=\"container\">\n\t\t\t\t<\/div>\n\t\t<div class=\"elementor-element elementor-element-5638628 e-con-full e-flex e-con e-child\" data-id=\"5638628\" data-element_type=\"container\">\n\t\t\t\t<div class=\"elementor-element elementor-element-3cf156c elementor-widget elementor-widget-heading\" data-id=\"3cf156c\" data-element_type=\"widget\" data-widget_type=\"heading.default\">\n\t\t\t\t\t<h2 class=\"elementor-heading-title elementor-size-default\">Baixe totalmente gr\u00e1tis<\/h2>\t\t\t\t<\/div>\n\t\t\t\t<div class=\"elementor-element elementor-element-37ab075 elementor-widget elementor-widget-heading\" data-id=\"37ab075\" data-element_type=\"widget\" data-widget_type=\"heading.default\">\n\t\t\t\t\t<h2 class=\"elementor-heading-title elementor-size-default\">Ebook Secreto:<\/h2>\t\t\t\t<\/div>\n\t\t\t\t<div class=\"elementor-element elementor-element-347e8bc elementor-widget elementor-widget-heading\" data-id=\"347e8bc\" data-element_type=\"widget\" data-widget_type=\"heading.default\">\n\t\t\t\t\t<h2 class=\"elementor-heading-title elementor-size-default\">Passo a passo para se tornar um profissional da e\u00f3lica e mudar de vida em at\u00e9 6 meses.<\/h2>\t\t\t\t<\/div>\n\t\t\t\t<div class=\"elementor-element elementor-element-29af51c elementor-widget elementor-widget-heading\" data-id=\"29af51c\" data-element_type=\"widget\" data-widget_type=\"heading.default\">\n\t\t\t\t\t<h2 class=\"elementor-heading-title elementor-size-default\">Preencha as informa\u00e7\u00f5es abaixo e receba o material no whatsapp<\/h2>\t\t\t\t<\/div>\n\t\t\t\t<div class=\"elementor-element elementor-element-f63d074 elementor-button-align-stretch elementor-widget elementor-widget-form\" data-id=\"f63d074\" data-element_type=\"widget\" data-settings=\"{&quot;step_next_label&quot;:&quot;Next&quot;,&quot;step_previous_label&quot;:&quot;Previous&quot;,&quot;button_width&quot;:&quot;100&quot;,&quot;step_type&quot;:&quot;number_text&quot;,&quot;step_icon_shape&quot;:&quot;circle&quot;}\" data-widget_type=\"form.default\">\n\t\t\t\t\t\t\t<form class=\"elementor-form\" method=\"post\" name=\"New Form\" aria-label=\"New Form\">\n\t\t\t<input type=\"hidden\" name=\"post_id\" value=\"10\"\/>\n\t\t\t<input type=\"hidden\" name=\"form_id\" value=\"f63d074\"\/>\n\t\t\t<input type=\"hidden\" name=\"referer_title\" value=\"ebook\" \/>\n\n\t\t\t\t\t\t\t<input type=\"hidden\" name=\"queried_id\" value=\"10\"\/>\n\t\t\t\n\t\t\t<div class=\"elementor-form-fields-wrapper elementor-labels-above\">\n\t\t\t\t\t\t\t\t<div class=\"elementor-field-type-text elementor-field-group elementor-column elementor-field-group-name elementor-col-100 elementor-field-required\">\n\t\t\t\t\t\t\t\t\t\t\t\t<label for=\"form-field-name\" class=\"elementor-field-label\">\n\t\t\t\t\t\t\t\tNome:\t\t\t\t\t\t\t<\/label>\n\t\t\t\t\t\t\t\t\t\t\t\t\t\t<input size=\"1\" type=\"text\" name=\"form_fields[name]\" id=\"form-field-name\" class=\"elementor-field elementor-size-sm  elementor-field-textual\" placeholder=\"Digite seu nome\" required=\"required\">\n\t\t\t\t\t\t\t\t\t\t\t<\/div>\n\t\t\t\t\t\t\t\t<div class=\"elementor-field-type-tel elementor-field-group elementor-column elementor-field-group-email elementor-col-100 elementor-field-required\">\n\t\t\t\t\t\t\t\t\t\t\t\t<label for=\"form-field-email\" class=\"elementor-field-label\">\n\t\t\t\t\t\t\t\tWhatsapp:\t\t\t\t\t\t\t<\/label>\n\t\t\t\t\t\t\t\t<input size=\"1\" type=\"tel\" name=\"form_fields[email]\" id=\"form-field-email\" class=\"elementor-field elementor-size-sm  elementor-field-textual\" placeholder=\"Digite seu Whatsapp com DDD\" required=\"required\" pattern=\"[0-9()#&amp;+*-=.]+\" title=\"Only numbers and phone characters (#, -, *, etc) are accepted.\">\n\n\t\t\t\t\t\t<\/div>\n\t\t\t\t\t\t\t\t<div class=\"elementor-field-type-checkbox elementor-field-group elementor-column elementor-field-group-field_9a80773 elementor-col-100\">\n\t\t\t\t\t<div class=\"elementor-field-subgroup  \"><span class=\"elementor-field-option\"><input type=\"checkbox\" value=\"Estou apenas conhecendo\" id=\"form-field-field_9a80773-0\" name=\"form_fields[field_9a80773][]\"> <label for=\"form-field-field_9a80773-0\">Estou apenas conhecendo<\/label><\/span><span class=\"elementor-field-option\"><input type=\"checkbox\" value=\"J\u00e1 conhe\u00e7o e pretendo iniciar\" id=\"form-field-field_9a80773-1\" name=\"form_fields[field_9a80773][]\"> <label for=\"form-field-field_9a80773-1\">J\u00e1 conhe\u00e7o e pretendo iniciar<\/label><\/span><\/div>\t\t\t\t<\/div>\n\t\t\t\t\t\t\t\t<div class=\"elementor-field-group elementor-column elementor-field-type-submit elementor-col-100 e-form__buttons\">\n\t\t\t\t\t<button class=\"elementor-button elementor-size-sm\" type=\"submit\">\n\t\t\t\t\t\t<span class=\"elementor-button-content-wrapper\">\n\t\t\t\t\t\t\t\t\t\t\t\t\t\t\t\t\t\t\t\t\t\t<span class=\"elementor-button-text\">Receber Ebook<\/span>\n\t\t\t\t\t\t\t\t\t\t\t\t\t<\/span>\n\t\t\t\t\t<\/button>\n\t\t\t\t<\/div>\n\t\t\t<\/div>\n\t\t<\/form>\n\t\t\t\t\t\t<\/div>\n\t\t\t\t<\/div>\n\t\t\t\t\t<\/div>\n\t\t\t\t<\/div>\n\t\t\t\t<section class=\"elementor-section elementor-top-section elementor-element elementor-element-d45d2cd elementor-section-boxed elementor-section-height-default elementor-section-height-default\" data-id=\"d45d2cd\" data-element_type=\"section\" data-settings=\"{&quot;background_background&quot;:&quot;classic&quot;}\">\n\t\t\t\t\t\t<div class=\"elementor-container elementor-column-gap-default\">\n\t\t\t\t\t<div class=\"elementor-column elementor-col-100 elementor-top-column elementor-element elementor-element-812d602\" data-id=\"812d602\" data-element_type=\"column\">\n\t\t\t<div class=\"elementor-widget-wrap elementor-element-populated\">\n\t\t\t\t\t\t<div class=\"elementor-element elementor-element-857879a elementor-widget elementor-widget-text-editor\" data-id=\"857879a\" data-element_type=\"widget\" data-widget_type=\"text-editor.default\">\n\t\t\t\t\t\t\t\t\t<p>Este produto n\u00e3o garante a obten\u00e7\u00e3o de resultados. Qualquer refer\u00eancia ao desempenho de uma estrat\u00e9gia n\u00e3o deve ser interpretada como uma garantia de resultados<\/p><p><b class=\"copy\">Wind Training Center LTDA<\/b>\u00a0&#8211; CNPJ: 18.967.518\/0001-64<\/p><p>Copyright 2025 \u2013 Todos os Direitos Reservados | Pol\u00edtica de Privacidade<\/p>\t\t\t\t\t\t\t\t<\/div>\n\t\t\t\t\t<\/div>\n\t\t<\/div>\n\t\t\t\t\t<\/div>\n\t\t<\/section>\n\t\t\t\t<\/div>\n\t\t","protected":false},"excerpt":{"rendered":"<p>Voc\u00ea e algumas pessoas pr\u00f3ximas de foram selecionadas para receber esse material Baixe totalmente gr\u00e1tis Ebook Secreto: Passo a passo para se tornar um profissional da e\u00f3lica e mudar de vida em at\u00e9 6 meses. Preencha as informa\u00e7\u00f5es abaixo e receba o material no whatsapp Este produto n\u00e3o garante a obten\u00e7\u00e3o de resultados. Qualquer refer\u00eancia [&hellip;]<\/p>\n","protected":false},"author":1,"featured_media":0,"parent":0,"menu_order":0,"comment_status":"closed","ping_status":"closed","template":"elementor_canvas","meta":{"footnotes":""},"class_list":["post-10","page","type-page","status-publish","hentry"],"_links":{"self":[{"href":"https:\/\/treinamentowtc.com.br\/index.php\/wp-json\/wp\/v2\/pages\/10","targetHints":{"allow":["GET"]}}],"collection":[{"href":"https:\/\/treinamentowtc.com.br\/index.php\/wp-json\/wp\/v2\/pages"}],"about":[{"href":"https:\/\/treinamentowtc.com.br\/index.php\/wp-json\/wp\/v2\/types\/page"}],"author":[{"embeddable":true,"href":"https:\/\/treinamentowtc.com.br\/index.php\/wp-json\/wp\/v2\/users\/1"}],"replies":[{"embeddable":true,"href":"https:\/\/treinamentowtc.com.br\/index.php\/wp-json\/wp\/v2\/comments?post=10"}],"version-history":[{"count":7,"href":"https:\/\/treinamentowtc.com.br\/index.php\/wp-json\/wp\/v2\/pages\/10\/revisions"}],"predecessor-version":[{"id":19,"href":"https:\/\/treinamentowtc.com.br\/index.php\/wp-json\/wp\/v2\/pages\/10\/revisions\/19"}],"wp:attachment":[{"href":"https:\/\/treinamentowtc.com.br\/index.php\/wp-json\/wp\/v2\/media?parent=10"}],"curies":[{"name":"wp","href":"https:\/\/api.w.org\/{rel}","templated":true}]}}